mainder when 778 is divided by 75.
28
Calculate the remainder when 241 is divided by 75.
16
What is the remainder when 960 is divided by 74?
72
Calculate the remainder when 78 is divided by 46.
32
What is the remainder when 76 is divided by 16?
12
Calculate the remainder when 348 is divided by 70.
68
Calculate the remainder when 479 is divided by 22.
17
What is the remainder when 193 is divided by 42?
25
What is the remainder when 241 is divided by 66?
43
What is the remainder when 1461 is divided by 26?
5
What is the remainder when 2042 is divided by 2031?
11
Calculate the remainder when 399 is divided by 4.
3
Calculate the remainder when 498 is divided by 8.
2
What is the remainder when 95 is divided by 9?
5
Calculate the remainder when 86 is divided by 11.
9
Calculate the remainder when 209 is divided by 92.
25
What is the remainder when 197 is divided by 117?
80
What is the remainder when 1783 is divided by 43?
20
What is the remainder when 863 is divided by 144?
143
Calculate the remainder when 70 is divided by 12.
10
Calculate the remainder when 465 is divided by 32.
17
What is the remainder when 263 is divided by 133?
130
What is the remainder when 95 is divided by 37?
21
Calculate the remainder when 49 is divided by 17.
15
What is the remainder when 119 is divided by 2?
1
Calculate the remainder when 48718 is divided by 84.
82
Calculate the remainder when 54 is divided by 9.
0
What is the remainder when 1869 is divided by 377?
361
Calculate the remainder when 202 is divided by 7.
6
What is the remainder when 301 is divided by 138?
25
Calculate the remainder when 404 is divided by 11.
8
What is the remainder when 500 is divided by 246?
8
Calculate the remainder when 212 is divided by 73.
66
What is the remainder when 74 is divided by 73?
1
What is the remainder when 128 is divided by 75?
53
Calculate the remainder when 48 is divided by 17.
14
What is the remainder when 352 is divided by 178?
174
Calculate the remainder when 118 is divided by 20.
18
Calculate the remainder when 210 is divided by 21.
0
What is the remainder when 1281 is divided by 250?
31
Calculate the remainder when 10203 is divided by 3400.
3
What is the remainder when 43 is divided by 8?
3
Calculate the remainder when 89 is divided by 12.
5
Calculate the remainder when 239 is divided by 73.
20
What is the remainder when 153 is divided by 148?
5
What is the remainder when 407 is divided by 51?
50
Calculate the remainder when 164 is divided by 87.
77
What is the remainder when 152 is divided by 17?
16
What is the remainder when 121 is divided by 62?
59
Calculate the remainder when 647 is divided by 208.
23
What is the remainder when 170 is divided by 21?
2
Calculate the remainder when 47889 is divided by 78.
75
What is the remainder when 132 is divided by 6?
0
What is the remainder when 458 is divided by 51?
50
What is the remainder when 71 is divided by 2?
1
Calculate the remainder when 715 is divided by 103.
97
What is the remainder when 186 is divided by 33?
21
Calculate the remainder when 2619 is divided by 38.
35
Calculate the remainder when 78 is divided by 56.
22
Calculate the remainder when 346 is divided by 6.
4
What is the remainder when 908 is divided by 78?
50
What is the remainder when 1171 is divided by 196?
191
Calculate the remainder when 140 is divided by 29.
24
What is the remainder when 5059 is divided by 1011?
4
Calculate the remainder when 1149 is divided by 89.
81
Calculate the remainder when 1779 is divided by 128.
115
Calculate the remainder when 43 is divided by 11.
10
What is the remainder when 646 is divided by 316?
14
What is the remainder when 421 is divided by 8?
5
What is the remainder when 639 is divided by 313?
13
Calculate the remainder when 259 is divided by 18.
7
Calculate the remainder when 64 is divided by 28.
8
What is the remainder when 1167 is divided by 34?
11
Calculate the remainder when 36 is divided by 24.
12
What is the remainder when 123 is divided by 97?
26
Calculate the remainder when 291 is divided by 63.
39
What is the remainder when 55 is divided by 24?
7
Calculate the remainder when 92 is divided by 78.
14
Calculate the remainder when 32 is divided by 31.
1
What is the remainder when 1364 is divided by 105?
104
Calculate the remainder when 4225 is divided by 63.
4
What is the remainder when 170 is divided by 23?
9
What is the remainder when 839 is divided by 105?
104
Calculate the remainder when 5718 is divided by 1905.
3
Calculate the remainder when 347 is divided by 45.
32
Calculate the remainder when 143 is divided by 46.
5
What is the remainder when 338 is divided by 104?
26
What is the remainder when 815 is divided by 247?
74
What is the remainder when 176 is divided by 4?
0
Calculate the remainder when 5085 is divided by 52.
41
What is the remainder when 133 is divided by 34?
31
What is the remainder when 117 is divided by 11?
7
Calculate the remainder when 612 is divided by 14.
10
Calculate the remainder when 757 is divided by 448.
309
Calculate the remainder when 1527 is divided by 310.
287
Calculate the remainder when 710 is divided by 55.
50
Calculate the remainder when 248 is divided by 115.
18
Calculate the remainder when 999 is divided by 23.
10
What is the remainder when 15 is divided by 9?
6
What is the remainder when 1829 is divided by 96?
5
What is the remainder when 1533 is divided by 59?
58
What is the remainder when 390 is divided by 375?
15
Calculate the remainder when 1382 is divided by 195.
17
Calculate the remainder when 125 is divided by 125.
0
Calculate the remainder when 275 is divided by 36.
23
Calculate the remainder when 198 is divided by 29.
24
Calculate the remainder when 132 is divided by 23.
17
Calculate the remainder when 656 is divided by 68.
44
What is the remainder when 187 is divided by 63?
61
Calculate the remainder when 63 is divided by 32.
31
What is the remainder when 79 is divided by 28?
23
Calculate the remainder when 715 is divided by 82.
59
What is the remainder when 582 is divided by 117?
114
Calculate the remainder when 2852 is divided by 475.
2
What is the remainder when 1514 is divided by 20?
14
Calculate the remainder when 147 is divided by 115.
32
Calculate the remainder when 982 is divided by 105.
37
What is the remainder when 70 is divided by 28?
14
What is the remainder when 68 is divided by 12?
8
What is the remainder when 55 is divided by 30?
25
What is the remainder when 30 is divided by 23?
7
What is the remainder when 245 is divided by 18?
11
What is the remainder when 430 is divided by 429?
1
What is the remainder when 29 is divided by 8?
5
What is the remainder when 82 is divided by 22?
16
Calculate the remainder when 660 is divided by 17.
14
Calculate the remainder when 36 is divided by 21.
15
What is the remainder when 5365 is divided by 5353?
12
Calculate the remainder when 12796 is divided by 160.
156
Calculate the remainder when 559 is divided by 17.
15
Calculate the remainder when 186 is divided by 24.
18
Calculate the remainder when 6807 is divided by 148.
147
Calculate the remainder when 1211 is divided by 591.
29
What is the remainder when 2015 is divided by 21?
20
What is the remainder when 111 is divided by 16?
15
Calculate the remainder when 12 is divided by 9.
3
What is the remainder when 493 is divided by 98?
3
What is the remainder when 126 is divided by 49?
28
What is the remainder when 234 is divided by 226?
8
Calculate the remainder when 1863 is divided by 47.
30
What is the remainder when 297 is divided by 11?
0
What is the remainder when 42 is divided by 27?
15
Calculate the remainder when 108 is divided by 53.
2
What is the remainder when 181 is divided by 31?
26
Calculate the remainder when 155 is divided by 130.
25
What is the remainder when 564 is divided by 110?
14
What is the remainder when 135 is divided by 70?
65
Calculate the remainder when 234 is divided by 59.
57
What is the remainder when 583 is divided by 73?
72
Calculate the remainder when 688 is divided by 325.
38
Calculate the remainder when 260 is divided by 53.
48
Calculate the remainder when 843 is divided by 94.
91
Calculate the remainder when 248 is divided by 61.
4
Calculate the remainder when 2812 is divided by 29.
28
What is the remainder when 298 is divided 